{"id":199,"date":"2024-09-10T11:21:44","date_gmt":"2024-09-10T11:21:44","guid":{"rendered":"https:\/\/clases.academiaeureka.com.es\/clases\/?page_id=199"},"modified":"2024-09-10T11:58:22","modified_gmt":"2024-09-10T11:58:22","slug":"matematicas-aplicadas-a-las-ciencias-sociales-ii-evau-madrid-evaluacion-para-el-acceso-a-la-universidad","status":"publish","type":"page","link":"https:\/\/clases.academiaeureka.com.es\/clases\/recursos-para-estudiantes\/examenes-de-selectividad-evau-madrid\/matematicas-aplicadas-a-las-ciencias-sociales-ii-evau-madrid-evaluacion-para-el-acceso-a-la-universidad\/","title":{"rendered":"MATEM\u00c1TICAS APLICADAS A LAS CIENCIAS SOCIALES II &#8211; EvAU MADRID (Evaluaci\u00f3n para el Acceso a la Universidad)"},"content":{"rendered":"\n<h3 class=\"wp-block-heading has-text-align-center\">Descargar ex\u00e1menes y soluciones EvAU Madrid &#8211; Convocatoria Ordinaria<\/h3>\n\n\n\n<div class=\"wp-block-uagb-container uagb-block-81cbe869 default uagb-is-root-container\">\n<figure class=\"wp-block-table is-style-regular has-medium-font-size\"><table class=\"has-ast-global-color-5-background-color has-background has-fixed-layout\"><thead><tr><th class=\"has-text-align-center\" data-align=\"center\">A\u00d1O<\/th><th class=\"has-text-align-center\" data-align=\"center\"><strong>EX\u00c1MEN<\/strong><\/th><th class=\"has-text-align-center\" data-align=\"center\"><strong>SOLUCI\u00d3N<\/strong><\/th><\/tr><\/thead><tbody><tr><td class=\"has-text-align-center\" data-align=\"center\"><strong>2023<\/strong><\/td><td class=\"has-text-align-center\" data-align=\"center\"><a href=\"https:\/\/clases.academiaeureka.com.es\/clases\/wp-content\/uploads\/2024\/09\/Selectividad-Madrid-Matematicas-CCSS-II-Ordinaria-Junio-2023.pdf\">Descargar Ex\u00e1men<\/a><\/td><td class=\"has-text-align-center\" data-align=\"center\"><a href=\"https:\/\/clases.academiaeureka.com.es\/clases\/wp-content\/uploads\/2024\/09\/Selectividad-Madrid-Matematicas-CCSS-II-Ordinaria-Junio-2023-SOLUCIONES.pdf\">Descargar Soluci\u00f3n<\/a><\/td><\/tr><tr><td class=\"has-text-align-center\" data-align=\"center\"><strong>2022<\/strong><\/td><td class=\"has-text-align-center\" data-align=\"center\"><a href=\"https:\/\/clases.academiaeureka.com.es\/clases\/wp-content\/uploads\/2024\/09\/Selectividad-Madrid-Matematicas-CCSS-II-Ordinaria-Junio-2022.pdf\">Descargar Ex\u00e1men<\/a><\/td><td class=\"has-text-align-center\" data-align=\"center\"><a href=\"https:\/\/clases.academiaeureka.com.es\/clases\/wp-content\/uploads\/2024\/09\/Selectividad-Madrid-Matematicas-CCSS-II-Ordinaria-Junio-2022-SOLUCIONES-.pdf\">Descargar Soluci\u00f3n<\/a><\/td><\/tr><tr><td class=\"has-text-align-center\" data-align=\"center\"><strong>2021<\/strong><\/td><td class=\"has-text-align-center\" data-align=\"center\"><a href=\"https:\/\/clases.academiaeureka.com.es\/clases\/wp-content\/uploads\/2024\/09\/Selectividad-Madrid-Matematicas-CCSS-II-Ordinaria-Junio-2021.pdf\">Descargar Ex\u00e1men<\/a><\/td><td class=\"has-text-align-center\" data-align=\"center\"><a href=\"https:\/\/clases.academiaeureka.com.es\/clases\/wp-content\/uploads\/2024\/09\/Selectividad-Madrid-Matematicas-CCSS-II-Ordinaria-Junio-2021-SOLUCIONES.pdf\">Descargar Soluci\u00f3n<\/a><\/td><\/tr><tr><td class=\"has-text-align-center\" data-align=\"center\"><strong>2020<\/strong><\/td><td class=\"has-text-align-center\" data-align=\"center\"><a href=\"https:\/\/clases.academiaeureka.com.es\/clases\/wp-content\/uploads\/2024\/09\/Selectividad-Madrid-Matematicas-CCSS-II-Ordinaria-Julio-2020.pdf\">Descargar Ex\u00e1men<\/a><\/td><td class=\"has-text-align-center\" data-align=\"center\"><a href=\"https:\/\/clases.academiaeureka.com.es\/clases\/wp-content\/uploads\/2024\/09\/Selectividad-Madrid-Matematicas-CCSS-II-Ordinaria-Julio-2020-SOLUCIONES.pdf\">Descargar Soluci\u00f3n<\/a><\/td><\/tr><\/tbody><\/table><\/figure>\n<\/div>\n\n\n\n<h3 class=\"wp-block-heading has-text-align-center\">Descargar ex\u00e1menes y soluciones EvAU Madrid &#8211; Convocatoria Extraordinaria<\/h3>\n\n\n\n<div class=\"wp-block-uagb-container uagb-block-9e0ee0cd default uagb-is-root-container\">\n<figure class=\"wp-block-table is-style-regular has-medium-font-size\"><table class=\"has-ast-global-color-5-background-color has-background has-fixed-layout\"><thead><tr><th class=\"has-text-align-center\" data-align=\"center\">A\u00d1O<\/th><th class=\"has-text-align-center\" data-align=\"center\"><strong>EX\u00c1MEN<\/strong><\/th><th class=\"has-text-align-center\" data-align=\"center\"><strong>SOLUCI\u00d3N<\/strong><\/th><\/tr><\/thead><tbody><tr><td class=\"has-text-align-center\" data-align=\"center\"><strong>2023<\/strong><\/td><td class=\"has-text-align-center\" data-align=\"center\"><a href=\"https:\/\/clases.academiaeureka.com.es\/clases\/wp-content\/uploads\/2024\/09\/Selectividad-Madrid-Matematicas-CCSS-II-Extraordinaria-Julio-2023.pdf\">Descargar Ex\u00e1men<\/a><\/td><td class=\"has-text-align-center\" data-align=\"center\"><a href=\"https:\/\/clases.academiaeureka.com.es\/clases\/wp-content\/uploads\/2024\/09\/Selectividad-Madrid-Matematicas-CCSS-II-Extraordinaria-Julio-2023-SOLUCIONES.pdf\">Descargar Soluci\u00f3n<\/a><\/td><\/tr><tr><td class=\"has-text-align-center\" data-align=\"center\"><strong>2022<\/strong><\/td><td class=\"has-text-align-center\" data-align=\"center\"><a href=\"https:\/\/clases.academiaeureka.com.es\/clases\/wp-content\/uploads\/2024\/09\/Selectividad-Madrid-Matematicas-CCSS-II-Extraordinaria-Julio-2022.pdf\">Descargar Ex\u00e1men<\/a><\/td><td class=\"has-text-align-center\" data-align=\"center\"><a href=\"https:\/\/clases.academiaeureka.com.es\/clases\/wp-content\/uploads\/2024\/09\/Selectividad-Madrid-Matematicas-CCSS-II-Extraordinaria-Julio-2022-SOLUCIONES.pdf\">Descargar Soluci\u00f3n<\/a><\/td><\/tr><tr><td class=\"has-text-align-center\" data-align=\"center\"><strong>2021<\/strong><\/td><td class=\"has-text-align-center\" data-align=\"center\"><a href=\"https:\/\/clases.academiaeureka.com.es\/clases\/wp-content\/uploads\/2024\/09\/Selectividad-Madrid-Matematicas-CCSS-II-Extraordinaria-Julio-2021.pdf\">Descargar Ex\u00e1men<\/a><\/td><td class=\"has-text-align-center\" data-align=\"center\"><a href=\"https:\/\/clases.academiaeureka.com.es\/clases\/wp-content\/uploads\/2024\/09\/Selectividad-Madrid-Matematicas-CCSS-II-Extraordinaria-Julio-2021-SOLUCIONES.pdf\">Descargar Soluci\u00f3n<\/a><\/td><\/tr><\/tbody><\/table><\/figure>\n<\/div>\n\n\n\n<h3 class=\"wp-block-heading has-text-align-center\">\u00bfNecesitas ayuda con las Matem\u00e1ticas para la EvAU?<\/h3>\n\n\n\n<h4 class=\"wp-block-heading has-text-align-center\">Ponte en contacto con nosotros y te ayudaremos a preparar la asignatura<\/h4>\n\n\n\n<div class=\"wp-block-columns is-layout-flex wp-container-core-columns-is-layout-1 wp-block-columns-is-layout-flex\">\n<div class=\"wp-block-column is-layout-flow wp-block-column-is-layout-flow\" style=\"flex-basis:33.33%\">\n<p>Escr\u00edbenos a trav\u00e9s del formulario y nos pondremos en contacto contigo a la mayor brevedad posible. <\/p>\n\n\n\n<p>Tambi\u00e9n puedes ponerte en contacto con nosotros por tel\u00e9fono:<\/p>\n\n\n\n<ul class=\"wp-block-list\">\n<li>+34 628 89 80 04<\/li>\n\n\n\n<li>+34 672 36 10 80<\/li>\n<\/ul>\n<\/div>\n\n\n\n<div class=\"wp-block-column is-layout-flow wp-block-column-is-layout-flow\" style=\"flex-basis:66.66%\">\n<div class=\"wp-block-uagb-forms uagb-forms__outer-wrap uagb-block-9fc887af uagb-forms__large-btn\"><form class=\"uagb-forms-main-form\" method=\"post\" autocomplete=\"on\" name=\"uagb-form-9fc887af\">\n<div class=\"wp-block-uagb-forms-name uagb-forms-name-wrap uagb-forms-field-set uagb-block-1407a0fc\"><div class=\"uagb-forms-name-label required uagb-forms-input-label\" id=\"1407a0fc\">Nombre<\/div><input type=\"text\" placeholder=\"\" required class=\"uagb-forms-name-input uagb-forms-input\" name=\"1407a0fc\" autocomplete=\"given-name\"\/><\/div>\n\n\n\n<div class=\"wp-block-uagb-forms-name uagb-forms-name-wrap uagb-forms-field-set uagb-block-51a549aa\"><div class=\"uagb-forms-name-label required uagb-forms-input-label\" id=\"51a549aa\">Apellidos<\/div><input type=\"text\" placeholder=\"\" required class=\"uagb-forms-name-input uagb-forms-input\" name=\"51a549aa\" autocomplete=\"family-name\"\/><\/div>\n\n\n\n<div class=\"wp-block-uagb-forms-name uagb-forms-name-wrap uagb-forms-field-set uagb-block-c0473641\"><div class=\"uagb-forms-name-label required uagb-forms-input-label\" id=\"c0473641\">Tel\u00e9fono<\/div><input type=\"text\" placeholder=\"\" required class=\"uagb-forms-name-input uagb-forms-input\" name=\"c0473641\" autocomplete=\"family-name\"\/><\/div>\n\n\n\n<div class=\"wp-block-uagb-forms-email uagb-forms-email-wrap uagb-forms-field-set uagb-block-da4458de\"><div class=\"uagb-forms-email-label required uagb-forms-input-label\" id=\"da4458de\">Correo electr\u00f3nico<\/div><input type=\"email\" class=\"uagb-forms-email-input uagb-forms-input\" placeholder=\"\" required name=\"da4458de\" autocomplete=\"email\"\/><\/div>\n\n\n\n<div class=\"wp-block-uagb-forms-textarea uagb-forms-textarea-wrap uagb-forms-field-set uagb-block-afcf9c24\"><div class=\"uagb-forms-textarea-label required uagb-forms-input-label\" id=\"afcf9c24\">Mensaje<\/div><textarea required class=\"uagb-forms-textarea-input uagb-forms-input\" rows=\"4\" placeholder=\"Introduce tu mensaje\" name=\"afcf9c24\" autocomplete=\"off\"><\/textarea><\/div>\n<div class=\"uagb-forms-form-hidden-data\"><input type=\"hidden\" class=\"uagb_forms_form_label\" value=\"Formulario Spectra\"\/><input type=\"hidden\" class=\"uagb_forms_form_id\" value=\"uagb-form-9fc887af\"\/><\/div><div class=\"uagb-form-reacaptcha-error-9fc887af\"><\/div><div class=\"uagb-forms-main-submit-button-wrap wp-block-button\"><button class=\"uagb-forms-main-submit-button wp-block-button__link\"><div class=\"uagb-forms-main-submit-button-text\">Enviar<\/div><\/button><\/div><\/form><div class=\"uagb-forms-success-message-9fc887af uagb-forms-submit-message-hide\"><span>\u00a1El formulario ha sido enviado correctamente!<\/span><\/div><div class=\"uagb-forms-failed-message-9fc887af uagb-forms-submit-message-hide\"><span>Ha ocurrido alg\u00fan error al enviar el formulario. Por favor, revisa de nuevo todos los campos.<\/span><\/div><\/div>\n<\/div>\n<\/div>\n","protected":false},"excerpt":{"rendered":"<p>Descargar ex\u00e1menes y soluciones EvAU Madrid &#8211; Convocatoria Ordinaria A\u00d1O EX\u00c1MEN SOLUCI\u00d3N 2023 Descargar Ex\u00e1men Descargar Soluci\u00f3n 2022 Descargar Ex\u00e1men [&hellip;]<\/p>\n","protected":false},"author":2,"featured_media":0,"parent":192,"menu_order":0,"comment_status":"closed","ping_status":"closed","template":"","meta":{"_uag_custom_page_level_css":"","site-sidebar-layout":"default","site-content-layout":"","ast-site-content-layout":"","site-content-style":"default","site-sidebar-style":"default","ast-global-header-display":"","ast-banner-title-visibility":"","ast-main-header-display":"","ast-hfb-above-header-display":"","ast-hfb-below-header-display":"","ast-hfb-mobile-header-display":"","site-post-title":"","ast-breadcrumbs-content":"","ast-featured-img":"","footer-sml-layout":"","theme-transparent-header-meta":"","adv-header-id-meta":"","stick-header-meta":"","header-above-stick-meta":"","header-main-stick-meta":"","header-below-stick-meta":"","astra-migrate-meta-layouts":"default","ast-page-background-enabled":"default","ast-page-background-meta":{"desktop":{"background-color":"var(--ast-global-color-4)","background-image":"","background-repeat":"repeat","background-position":"center center","background-size":"auto","background-attachment":"scroll","background-type":"","background-media":"","overlay-type":"","overlay-color":"","overlay-opacity":"","overlay-gradient":""},"tablet":{"background-color":"","background-image":"","background-repeat":"repeat","background-position":"center center","background-size":"auto","background-attachment":"scroll","background-type":"","background-media":"","overlay-type":"","overlay-color":"","overlay-opacity":"","overlay-gradient":""},"mobile":{"background-color":"","background-image":"","background-repeat":"repeat","background-position":"center center","background-size":"auto","background-attachment":"scroll","background-type":"","background-media":"","overlay-type":"","overlay-color":"","overlay-opacity":"","overlay-gradient":""}},"ast-content-background-meta":{"desktop":{"background-color":"var(--ast-global-color-5)","background-image":"","background-repeat":"repeat","background-position":"center center","background-size":"auto","background-attachment":"scroll","background-type":"","background-media":"","overlay-type":"","overlay-color":"","overlay-opacity":"","overlay-gradient":""},"tablet":{"background-color":"var(--ast-global-color-5)","background-image":"","background-repeat":"repeat","background-position":"center center","background-size":"auto","background-attachment":"scroll","background-type":"","background-media":"","overlay-type":"","overlay-color":"","overlay-opacity":"","overlay-gradient":""},"mobile":{"background-color":"var(--ast-global-color-5)","background-image":"","background-repeat":"repeat","background-position":"center center","background-size":"auto","background-attachment":"scroll","background-type":"","background-media":"","overlay-type":"","overlay-color":"","overlay-opacity":"","overlay-gradient":""}},"footnotes":""},"class_list":["post-199","page","type-page","status-publish","hentry"],"yoast_head":"<!-- This site is optimized with the Yoast SEO plugin v26.8 - https:\/\/yoast.com\/product\/yoast-seo-wordpress\/ -->\n<title>MATEM\u00c1TICAS APLICADAS A LAS CIENCIAS SOCIALES II - EvAU MADRID (Evaluaci\u00f3n para el Acceso a la Universidad) - Clases particulares academia online<\/title>\n<meta name=\"robots\" content=\"index, follow, max-snippet:-1, max-image-preview:large, max-video-preview:-1\" \/>\n<link rel=\"canonical\" href=\"https:\/\/clases.academiaeureka.com.es\/clases\/recursos-para-estudiantes\/examenes-de-selectividad-evau-madrid\/matematicas-aplicadas-a-las-ciencias-sociales-ii-evau-madrid-evaluacion-para-el-acceso-a-la-universidad\/\" \/>\n<meta property=\"og:locale\" content=\"es_ES\" \/>\n<meta property=\"og:type\" content=\"article\" \/>\n<meta property=\"og:title\" content=\"MATEM\u00c1TICAS APLICADAS A LAS CIENCIAS SOCIALES II - EvAU MADRID (Evaluaci\u00f3n para el Acceso a la Universidad) - Clases particulares academia online\" \/>\n<meta property=\"og:description\" content=\"Descargar ex\u00e1menes y soluciones EvAU Madrid &#8211; Convocatoria Ordinaria A\u00d1O EX\u00c1MEN SOLUCI\u00d3N 2023 Descargar Ex\u00e1men Descargar Soluci\u00f3n 2022 Descargar Ex\u00e1men [&hellip;]\" \/>\n<meta property=\"og:url\" content=\"https:\/\/clases.academiaeureka.com.es\/clases\/recursos-para-estudiantes\/examenes-de-selectividad-evau-madrid\/matematicas-aplicadas-a-las-ciencias-sociales-ii-evau-madrid-evaluacion-para-el-acceso-a-la-universidad\/\" \/>\n<meta property=\"og:site_name\" content=\"Clases particulares academia online\" \/>\n<meta property=\"article:modified_time\" content=\"2024-09-10T11:58:22+00:00\" \/>\n<meta name=\"twitter:card\" content=\"summary_large_image\" \/>\n<meta name=\"twitter:label1\" content=\"Tiempo de lectura\" \/>\n\t<meta name=\"twitter:data1\" content=\"1 minuto\" \/>\n<script type=\"application\/ld+json\" class=\"yoast-schema-graph\">{\"@context\":\"https:\/\/schema.org\",\"@graph\":[{\"@type\":\"WebPage\",\"@id\":\"https:\/\/clases.academiaeureka.com.es\/clases\/recursos-para-estudiantes\/examenes-de-selectividad-evau-madrid\/matematicas-aplicadas-a-las-ciencias-sociales-ii-evau-madrid-evaluacion-para-el-acceso-a-la-universidad\/\",\"url\":\"https:\/\/clases.academiaeureka.com.es\/clases\/recursos-para-estudiantes\/examenes-de-selectividad-evau-madrid\/matematicas-aplicadas-a-las-ciencias-sociales-ii-evau-madrid-evaluacion-para-el-acceso-a-la-universidad\/\",\"name\":\"MATEM\u00c1TICAS APLICADAS A LAS CIENCIAS SOCIALES II - EvAU MADRID (Evaluaci\u00f3n para el Acceso a la Universidad) - Clases particulares academia online\",\"isPartOf\":{\"@id\":\"https:\/\/clases.academiaeureka.com.es\/clases\/#website\"},\"datePublished\":\"2024-09-10T11:21:44+00:00\",\"dateModified\":\"2024-09-10T11:58:22+00:00\",\"breadcrumb\":{\"@id\":\"https:\/\/clases.academiaeureka.com.es\/clases\/recursos-para-estudiantes\/examenes-de-selectividad-evau-madrid\/matematicas-aplicadas-a-las-ciencias-sociales-ii-evau-madrid-evaluacion-para-el-acceso-a-la-universidad\/#breadcrumb\"},\"inLanguage\":\"es\",\"potentialAction\":[{\"@type\":\"ReadAction\",\"target\":[\"https:\/\/clases.academiaeureka.com.es\/clases\/recursos-para-estudiantes\/examenes-de-selectividad-evau-madrid\/matematicas-aplicadas-a-las-ciencias-sociales-ii-evau-madrid-evaluacion-para-el-acceso-a-la-universidad\/\"]}]},{\"@type\":\"BreadcrumbList\",\"@id\":\"https:\/\/clases.academiaeureka.com.es\/clases\/recursos-para-estudiantes\/examenes-de-selectividad-evau-madrid\/matematicas-aplicadas-a-las-ciencias-sociales-ii-evau-madrid-evaluacion-para-el-acceso-a-la-universidad\/#breadcrumb\",\"itemListElement\":[{\"@type\":\"ListItem\",\"position\":1,\"name\":\"Portada\",\"item\":\"https:\/\/clases.academiaeureka.com.es\/clases\/\"},{\"@type\":\"ListItem\",\"position\":2,\"name\":\"Recursos para estudiantes\",\"item\":\"https:\/\/clases.academiaeureka.com.es\/clases\/recursos-para-estudiantes\/\"},{\"@type\":\"ListItem\",\"position\":3,\"name\":\"EX\u00c1MENES DE SELECTIVIDAD \u2013 EvAU MADRID\",\"item\":\"https:\/\/clases.academiaeureka.com.es\/clases\/recursos-para-estudiantes\/examenes-de-selectividad-evau-madrid\/\"},{\"@type\":\"ListItem\",\"position\":4,\"name\":\"MATEM\u00c1TICAS APLICADAS A LAS CIENCIAS SOCIALES II &#8211; EvAU MADRID (Evaluaci\u00f3n para el Acceso a la Universidad)\"}]},{\"@type\":\"WebSite\",\"@id\":\"https:\/\/clases.academiaeureka.com.es\/clases\/#website\",\"url\":\"https:\/\/clases.academiaeureka.com.es\/clases\/\",\"name\":\"Clases particulares - Academia Online\",\"description\":\"+34 628 89 80 04\",\"publisher\":{\"@id\":\"https:\/\/clases.academiaeureka.com.es\/clases\/#organization\"},\"potentialAction\":[{\"@type\":\"SearchAction\",\"target\":{\"@type\":\"EntryPoint\",\"urlTemplate\":\"https:\/\/clases.academiaeureka.com.es\/clases\/?s={search_term_string}\"},\"query-input\":{\"@type\":\"PropertyValueSpecification\",\"valueRequired\":true,\"valueName\":\"search_term_string\"}}],\"inLanguage\":\"es\"},{\"@type\":\"Organization\",\"@id\":\"https:\/\/clases.academiaeureka.com.es\/clases\/#organization\",\"name\":\"Academia Eureka\",\"url\":\"https:\/\/clases.academiaeureka.com.es\/clases\/\",\"logo\":{\"@type\":\"ImageObject\",\"inLanguage\":\"es\",\"@id\":\"https:\/\/clases.academiaeureka.com.es\/clases\/#\/schema\/logo\/image\/\",\"url\":\"https:\/\/clases.academiaeureka.com.es\/clases\/wp-content\/uploads\/2024\/08\/cropped-cropped-logo-1.png\",\"contentUrl\":\"https:\/\/clases.academiaeureka.com.es\/clases\/wp-content\/uploads\/2024\/08\/cropped-cropped-logo-1.png\",\"width\":512,\"height\":512,\"caption\":\"Academia Eureka\"},\"image\":{\"@id\":\"https:\/\/clases.academiaeureka.com.es\/clases\/#\/schema\/logo\/image\/\"}}]}<\/script>\n<!-- \/ Yoast SEO plugin. -->","yoast_head_json":{"title":"MATEM\u00c1TICAS APLICADAS A LAS CIENCIAS SOCIALES II - EvAU MADRID (Evaluaci\u00f3n para el Acceso a la Universidad) - Clases particulares academia online","robots":{"index":"index","follow":"follow","max-snippet":"max-snippet:-1","max-image-preview":"max-image-preview:large","max-video-preview":"max-video-preview:-1"},"canonical":"https:\/\/clases.academiaeureka.com.es\/clases\/recursos-para-estudiantes\/examenes-de-selectividad-evau-madrid\/matematicas-aplicadas-a-las-ciencias-sociales-ii-evau-madrid-evaluacion-para-el-acceso-a-la-universidad\/","og_locale":"es_ES","og_type":"article","og_title":"MATEM\u00c1TICAS APLICADAS A LAS CIENCIAS SOCIALES II - EvAU MADRID (Evaluaci\u00f3n para el Acceso a la Universidad) - Clases particulares academia online","og_description":"Descargar ex\u00e1menes y soluciones EvAU Madrid &#8211; Convocatoria Ordinaria A\u00d1O EX\u00c1MEN SOLUCI\u00d3N 2023 Descargar Ex\u00e1men Descargar Soluci\u00f3n 2022 Descargar Ex\u00e1men [&hellip;]","og_url":"https:\/\/clases.academiaeureka.com.es\/clases\/recursos-para-estudiantes\/examenes-de-selectividad-evau-madrid\/matematicas-aplicadas-a-las-ciencias-sociales-ii-evau-madrid-evaluacion-para-el-acceso-a-la-universidad\/","og_site_name":"Clases particulares academia online","article_modified_time":"2024-09-10T11:58:22+00:00","twitter_card":"summary_large_image","twitter_misc":{"Tiempo de lectura":"1 minuto"},"schema":{"@context":"https:\/\/schema.org","@graph":[{"@type":"WebPage","@id":"https:\/\/clases.academiaeureka.com.es\/clases\/recursos-para-estudiantes\/examenes-de-selectividad-evau-madrid\/matematicas-aplicadas-a-las-ciencias-sociales-ii-evau-madrid-evaluacion-para-el-acceso-a-la-universidad\/","url":"https:\/\/clases.academiaeureka.com.es\/clases\/recursos-para-estudiantes\/examenes-de-selectividad-evau-madrid\/matematicas-aplicadas-a-las-ciencias-sociales-ii-evau-madrid-evaluacion-para-el-acceso-a-la-universidad\/","name":"MATEM\u00c1TICAS APLICADAS A LAS CIENCIAS SOCIALES II - EvAU MADRID (Evaluaci\u00f3n para el Acceso a la Universidad) - Clases particulares academia online","isPartOf":{"@id":"https:\/\/clases.academiaeureka.com.es\/clases\/#website"},"datePublished":"2024-09-10T11:21:44+00:00","dateModified":"2024-09-10T11:58:22+00:00","breadcrumb":{"@id":"https:\/\/clases.academiaeureka.com.es\/clases\/recursos-para-estudiantes\/examenes-de-selectividad-evau-madrid\/matematicas-aplicadas-a-las-ciencias-sociales-ii-evau-madrid-evaluacion-para-el-acceso-a-la-universidad\/#breadcrumb"},"inLanguage":"es","potentialAction":[{"@type":"ReadAction","target":["https:\/\/clases.academiaeureka.com.es\/clases\/recursos-para-estudiantes\/examenes-de-selectividad-evau-madrid\/matematicas-aplicadas-a-las-ciencias-sociales-ii-evau-madrid-evaluacion-para-el-acceso-a-la-universidad\/"]}]},{"@type":"BreadcrumbList","@id":"https:\/\/clases.academiaeureka.com.es\/clases\/recursos-para-estudiantes\/examenes-de-selectividad-evau-madrid\/matematicas-aplicadas-a-las-ciencias-sociales-ii-evau-madrid-evaluacion-para-el-acceso-a-la-universidad\/#breadcrumb","itemListElement":[{"@type":"ListItem","position":1,"name":"Portada","item":"https:\/\/clases.academiaeureka.com.es\/clases\/"},{"@type":"ListItem","position":2,"name":"Recursos para estudiantes","item":"https:\/\/clases.academiaeureka.com.es\/clases\/recursos-para-estudiantes\/"},{"@type":"ListItem","position":3,"name":"EX\u00c1MENES DE SELECTIVIDAD \u2013 EvAU MADRID","item":"https:\/\/clases.academiaeureka.com.es\/clases\/recursos-para-estudiantes\/examenes-de-selectividad-evau-madrid\/"},{"@type":"ListItem","position":4,"name":"MATEM\u00c1TICAS APLICADAS A LAS CIENCIAS SOCIALES II &#8211; EvAU MADRID (Evaluaci\u00f3n para el Acceso a la Universidad)"}]},{"@type":"WebSite","@id":"https:\/\/clases.academiaeureka.com.es\/clases\/#website","url":"https:\/\/clases.academiaeureka.com.es\/clases\/","name":"Clases particulares - Academia Online","description":"+34 628 89 80 04","publisher":{"@id":"https:\/\/clases.academiaeureka.com.es\/clases\/#organization"},"potentialAction":[{"@type":"SearchAction","target":{"@type":"EntryPoint","urlTemplate":"https:\/\/clases.academiaeureka.com.es\/clases\/?s={search_term_string}"},"query-input":{"@type":"PropertyValueSpecification","valueRequired":true,"valueName":"search_term_string"}}],"inLanguage":"es"},{"@type":"Organization","@id":"https:\/\/clases.academiaeureka.com.es\/clases\/#organization","name":"Academia Eureka","url":"https:\/\/clases.academiaeureka.com.es\/clases\/","logo":{"@type":"ImageObject","inLanguage":"es","@id":"https:\/\/clases.academiaeureka.com.es\/clases\/#\/schema\/logo\/image\/","url":"https:\/\/clases.academiaeureka.com.es\/clases\/wp-content\/uploads\/2024\/08\/cropped-cropped-logo-1.png","contentUrl":"https:\/\/clases.academiaeureka.com.es\/clases\/wp-content\/uploads\/2024\/08\/cropped-cropped-logo-1.png","width":512,"height":512,"caption":"Academia Eureka"},"image":{"@id":"https:\/\/clases.academiaeureka.com.es\/clases\/#\/schema\/logo\/image\/"}}]}},"uagb_featured_image_src":{"full":false,"thumbnail":false,"medium":false,"medium_large":false,"large":false,"1536x1536":false,"2048x2048":false},"uagb_author_info":{"display_name":"Jorge","author_link":"https:\/\/clases.academiaeureka.com.es\/clases\/author\/jorge\/"},"uagb_comment_info":0,"uagb_excerpt":"Descargar ex\u00e1menes y soluciones EvAU Madrid &#8211; Convocatoria Ordinaria A\u00d1O EX\u00c1MEN SOLUCI\u00d3N 2023 Descargar Ex\u00e1men Descargar Soluci\u00f3n 2022 Descargar Ex\u00e1men [&hellip;]","jetpack_sharing_enabled":true,"_links":{"self":[{"href":"https:\/\/clases.academiaeureka.com.es\/clases\/wp-json\/wp\/v2\/pages\/199","targetHints":{"allow":["GET"]}}],"collection":[{"href":"https:\/\/clases.academiaeureka.com.es\/clases\/wp-json\/wp\/v2\/pages"}],"about":[{"href":"https:\/\/clases.academiaeureka.com.es\/clases\/wp-json\/wp\/v2\/types\/page"}],"author":[{"embeddable":true,"href":"https:\/\/clases.academiaeureka.com.es\/clases\/wp-json\/wp\/v2\/users\/2"}],"replies":[{"embeddable":true,"href":"https:\/\/clases.academiaeureka.com.es\/clases\/wp-json\/wp\/v2\/comments?post=199"}],"version-history":[{"count":2,"href":"https:\/\/clases.academiaeureka.com.es\/clases\/wp-json\/wp\/v2\/pages\/199\/revisions"}],"predecessor-version":[{"id":219,"href":"https:\/\/clases.academiaeureka.com.es\/clases\/wp-json\/wp\/v2\/pages\/199\/revisions\/219"}],"up":[{"embeddable":true,"href":"https:\/\/clases.academiaeureka.com.es\/clases\/wp-json\/wp\/v2\/pages\/192"}],"wp:attachment":[{"href":"https:\/\/clases.academiaeureka.com.es\/clases\/wp-json\/wp\/v2\/media?parent=199"}],"curies":[{"name":"wp","href":"https:\/\/api.w.org\/{rel}","templated":true}]}}