{"id":147,"date":"2024-08-23T18:24:13","date_gmt":"2024-08-23T18:24:13","guid":{"rendered":"https:\/\/clases.academiaeureka.com.es\/clases\/personalizar-cookies\/"},"modified":"2024-08-23T18:24:13","modified_gmt":"2024-08-23T18:24:13","slug":"personalizar-cookies","status":"publish","type":"page","link":"https:\/\/clases.academiaeureka.com.es\/clases\/personalizar-cookies\/","title":{"rendered":"Personalizar Cookies"},"content":{"rendered":"\n<div>\n      <div id=\"custom-cookies-eu-label\">\n\n        Esta web utiliza cookies propias y de terceros para su correcto funcionamiento. Al hacer clic en el bot\u00f3n Aceptar, aceptas el uso de esas tecnolog\u00edas y el procesamiento de tus datos con estos prop\u00f3sitos.\n          &nbsp;&nbsp;\n          \n      <\/div>\n\n      <div id=\"custom-cookies-eu-buttons\" class=\"cookies-eu-buttons\">\n        <button id=\"custom-cookies-eu-reject\" class=\"cookies-eu-reject\">Rechazar<\/button>\n        <button id=\"custom-cookies-eu-accept\" class=\"cookies-eu-accept\">ACEPTAR TODAS LAS COOKIES<\/button><\/div>\n      <\/div>\n\n<br\/>\n<p>\n\tPuedes cambiar tus preferencias de cookies en cualquier momento si vuelves a la p\u00e1gina de Personalizar cookies, a la que puedes acceder a trav\u00e9s del Aviso de cookies. \n<\/p>\n\n<h3>Cookies t\u00e9cnicas<\/h3>\n<p>\n\tSon aquellas que permiten a los usuarios registrados navegar a trav\u00e9s del sitio Web, del \u00e1rea restringida y a utilizar sus diferentes funciones, como por ejemplo, el sistema de comentarios o el buscador y no pueden ser desactivadas.\n<\/p>\n\n<div class=\"custom-cookies-option\">\n  <h3>Cookies de an\u00e1lisis o medici\u00f3n<\/h3>\n  <span>\n    <input type=\"radio\" name=\"cookies-analytics-option\" value=\"true\" class=\"custom-cookies-radio\" data-consent=\"ANLTCS\" id=\"custom-cookies-accept-analytics\" >\n    <label for=\"custom-cookies-accept-analytics\">Activar<\/label>\n    &nbsp;&nbsp;\n    <input type=\"radio\" name=\"cookies-analytics-option\" value=\"false\" class=\"custom-cookies-radio\" data-consent=\"ANLTCS\" id=\"custom-cookies-reject-analytics\" \n    checked>\n    <label for=\"custom-cookies-reject-analytics\">Desactivar<\/label>\n<\/span>\n<\/div>\n\n<p>\n\tSon aquellas que, bien tratadas por el sitio Web o por terceros, permiten cuantificar el n\u00famero de usuarios y as\u00ed realizar la medici\u00f3n y an\u00e1lisis estad\u00edstico de la utilizaci\u00f3n que hacen los usuarios del sitio Web. Para ello se analiza la navegaci\u00f3n que realizas en este sitio Web con el fin de mejorarlo.\n<\/p>\n\n<div class=\"custom-cookies-option\">\n  <h3>Cookies sociales<\/h3>\n  <span>\n    <input type=\"radio\" name=\"cookies-social-option\" value=\"true\" class=\"custom-cookies-radio\" data-consent=\"SCLS\" id=\"custom-cookies-accept-social\" \n    >\n    <label for=\"custom-cookies-accept-social\">Activar<\/label>\n    &nbsp;&nbsp;\n    <input type=\"radio\" name=\"cookies-social-option\" value=\"false\" class=\"custom-cookies-radio\" data-consent=\"SCLS\" id=\"custom-cookies-reject-social\" \n    checked>\n    <label for=\"custom-cookies-reject-social\">Desactivar<\/label>\n<\/span>\n<\/div>\n\n<p>\n  Son establecidas por las plataformas de redes sociales para permitir a los usuarios compartir contenido con sus amigos y redes.  \n<\/p>\n\n","protected":false},"excerpt":{"rendered":"<p>Esta web utiliza cookies propias y de terceros para su correcto funcionamiento. Al hacer clic en el bot\u00f3n Aceptar, aceptas [&hellip;]<\/p>\n","protected":false},"author":2,"featured_media":0,"parent":0,"menu_order":0,"comment_status":"closed","ping_status":"closed","template":"","meta":{"_uag_custom_page_level_css":"","site-sidebar-layout":"default","site-content-layout":"","ast-site-content-layout":"","site-content-style":"default","site-sidebar-style":"default","ast-global-header-display":"","ast-banner-title-visibility":"","ast-main-header-display":"","ast-hfb-above-header-display":"","ast-hfb-below-header-display":"","ast-hfb-mobile-header-display":"","site-post-title":"","ast-breadcrumbs-content":"","ast-featured-img":"","footer-sml-layout":"","theme-transparent-header-meta":"","adv-header-id-meta":"","stick-header-meta":"","header-above-stick-meta":"","header-main-stick-meta":"","header-below-stick-meta":"","astra-migrate-meta-layouts":"default","ast-page-background-enabled":"default","ast-page-background-meta":{"desktop":{"background-color":"var(--ast-global-color-4)","background-image":"","background-repeat":"repeat","background-position":"center center","background-size":"auto","background-attachment":"scroll","background-type":"","background-media":"","overlay-type":"","overlay-color":"","overlay-opacity":"","overlay-gradient":""},"tablet":{"background-color":"","background-image":"","background-repeat":"repeat","background-position":"center center","background-size":"auto","background-attachment":"scroll","background-type":"","background-media":"","overlay-type":"","overlay-color":"","overlay-opacity":"","overlay-gradient":""},"mobile":{"background-color":"","background-image":"","background-repeat":"repeat","background-position":"center center","background-size":"auto","background-attachment":"scroll","background-type":"","background-media":"","overlay-type":"","overlay-color":"","overlay-opacity":"","overlay-gradient":""}},"ast-content-background-meta":{"desktop":{"background-color":"var(--ast-global-color-5)","background-image":"","background-repeat":"repeat","background-position":"center center","background-size":"auto","background-attachment":"scroll","background-type":"","background-media":"","overlay-type":"","overlay-color":"","overlay-opacity":"","overlay-gradient":""},"tablet":{"background-color":"var(--ast-global-color-5)","background-image":"","background-repeat":"repeat","background-position":"center center","background-size":"auto","background-attachment":"scroll","background-type":"","background-media":"","overlay-type":"","overlay-color":"","overlay-opacity":"","overlay-gradient":""},"mobile":{"background-color":"var(--ast-global-color-5)","background-image":"","background-repeat":"repeat","background-position":"center center","background-size":"auto","background-attachment":"scroll","background-type":"","background-media":"","overlay-type":"","overlay-color":"","overlay-opacity":"","overlay-gradient":""}},"footnotes":""},"class_list":["post-147","page","type-page","status-publish","hentry"],"yoast_head":"<!-- This site is optimized with the Yoast SEO plugin v26.8 - https:\/\/yoast.com\/product\/yoast-seo-wordpress\/ -->\n<title>Personalizar Cookies - Clases particulares academia online<\/title>\n<meta name=\"robots\" content=\"index, follow, max-snippet:-1, max-image-preview:large, max-video-preview:-1\" \/>\n<link rel=\"canonical\" href=\"https:\/\/clases.academiaeureka.com.es\/clases\/personalizar-cookies\/\" \/>\n<meta property=\"og:locale\" content=\"es_ES\" \/>\n<meta property=\"og:type\" content=\"article\" \/>\n<meta property=\"og:title\" content=\"Personalizar Cookies - Clases particulares academia online\" \/>\n<meta property=\"og:description\" content=\"Esta web utiliza cookies propias y de terceros para su correcto funcionamiento. Al hacer clic en el bot\u00f3n Aceptar, aceptas [&hellip;]\" \/>\n<meta property=\"og:url\" content=\"https:\/\/clases.academiaeureka.com.es\/clases\/personalizar-cookies\/\" \/>\n<meta property=\"og:site_name\" content=\"Clases particulares academia online\" \/>\n<meta name=\"twitter:card\" content=\"summary_large_image\" \/>\n<script type=\"application\/ld+json\" class=\"yoast-schema-graph\">{\"@context\":\"https:\/\/schema.org\",\"@graph\":[{\"@type\":\"WebPage\",\"@id\":\"https:\/\/clases.academiaeureka.com.es\/clases\/personalizar-cookies\/\",\"url\":\"https:\/\/clases.academiaeureka.com.es\/clases\/personalizar-cookies\/\",\"name\":\"Personalizar Cookies - Clases particulares academia online\",\"isPartOf\":{\"@id\":\"https:\/\/clases.academiaeureka.com.es\/clases\/#website\"},\"datePublished\":\"2024-08-23T18:24:13+00:00\",\"breadcrumb\":{\"@id\":\"https:\/\/clases.academiaeureka.com.es\/clases\/personalizar-cookies\/#breadcrumb\"},\"inLanguage\":\"es\",\"potentialAction\":[{\"@type\":\"ReadAction\",\"target\":[\"https:\/\/clases.academiaeureka.com.es\/clases\/personalizar-cookies\/\"]}]},{\"@type\":\"BreadcrumbList\",\"@id\":\"https:\/\/clases.academiaeureka.com.es\/clases\/personalizar-cookies\/#breadcrumb\",\"itemListElement\":[{\"@type\":\"ListItem\",\"position\":1,\"name\":\"Portada\",\"item\":\"https:\/\/clases.academiaeureka.com.es\/clases\/\"},{\"@type\":\"ListItem\",\"position\":2,\"name\":\"Personalizar Cookies\"}]},{\"@type\":\"WebSite\",\"@id\":\"https:\/\/clases.academiaeureka.com.es\/clases\/#website\",\"url\":\"https:\/\/clases.academiaeureka.com.es\/clases\/\",\"name\":\"Clases particulares - Academia Online\",\"description\":\"+34 628 89 80 04\",\"publisher\":{\"@id\":\"https:\/\/clases.academiaeureka.com.es\/clases\/#organization\"},\"potentialAction\":[{\"@type\":\"SearchAction\",\"target\":{\"@type\":\"EntryPoint\",\"urlTemplate\":\"https:\/\/clases.academiaeureka.com.es\/clases\/?s={search_term_string}\"},\"query-input\":{\"@type\":\"PropertyValueSpecification\",\"valueRequired\":true,\"valueName\":\"search_term_string\"}}],\"inLanguage\":\"es\"},{\"@type\":\"Organization\",\"@id\":\"https:\/\/clases.academiaeureka.com.es\/clases\/#organization\",\"name\":\"Academia Eureka\",\"url\":\"https:\/\/clases.academiaeureka.com.es\/clases\/\",\"logo\":{\"@type\":\"ImageObject\",\"inLanguage\":\"es\",\"@id\":\"https:\/\/clases.academiaeureka.com.es\/clases\/#\/schema\/logo\/image\/\",\"url\":\"https:\/\/clases.academiaeureka.com.es\/clases\/wp-content\/uploads\/2024\/08\/cropped-cropped-logo-1.png\",\"contentUrl\":\"https:\/\/clases.academiaeureka.com.es\/clases\/wp-content\/uploads\/2024\/08\/cropped-cropped-logo-1.png\",\"width\":512,\"height\":512,\"caption\":\"Academia Eureka\"},\"image\":{\"@id\":\"https:\/\/clases.academiaeureka.com.es\/clases\/#\/schema\/logo\/image\/\"}}]}<\/script>\n<!-- \/ Yoast SEO plugin. -->","yoast_head_json":{"title":"Personalizar Cookies - Clases particulares academia online","robots":{"index":"index","follow":"follow","max-snippet":"max-snippet:-1","max-image-preview":"max-image-preview:large","max-video-preview":"max-video-preview:-1"},"canonical":"https:\/\/clases.academiaeureka.com.es\/clases\/personalizar-cookies\/","og_locale":"es_ES","og_type":"article","og_title":"Personalizar Cookies - Clases particulares academia online","og_description":"Esta web utiliza cookies propias y de terceros para su correcto funcionamiento. Al hacer clic en el bot\u00f3n Aceptar, aceptas [&hellip;]","og_url":"https:\/\/clases.academiaeureka.com.es\/clases\/personalizar-cookies\/","og_site_name":"Clases particulares academia online","twitter_card":"summary_large_image","schema":{"@context":"https:\/\/schema.org","@graph":[{"@type":"WebPage","@id":"https:\/\/clases.academiaeureka.com.es\/clases\/personalizar-cookies\/","url":"https:\/\/clases.academiaeureka.com.es\/clases\/personalizar-cookies\/","name":"Personalizar Cookies - Clases particulares academia online","isPartOf":{"@id":"https:\/\/clases.academiaeureka.com.es\/clases\/#website"},"datePublished":"2024-08-23T18:24:13+00:00","breadcrumb":{"@id":"https:\/\/clases.academiaeureka.com.es\/clases\/personalizar-cookies\/#breadcrumb"},"inLanguage":"es","potentialAction":[{"@type":"ReadAction","target":["https:\/\/clases.academiaeureka.com.es\/clases\/personalizar-cookies\/"]}]},{"@type":"BreadcrumbList","@id":"https:\/\/clases.academiaeureka.com.es\/clases\/personalizar-cookies\/#breadcrumb","itemListElement":[{"@type":"ListItem","position":1,"name":"Portada","item":"https:\/\/clases.academiaeureka.com.es\/clases\/"},{"@type":"ListItem","position":2,"name":"Personalizar Cookies"}]},{"@type":"WebSite","@id":"https:\/\/clases.academiaeureka.com.es\/clases\/#website","url":"https:\/\/clases.academiaeureka.com.es\/clases\/","name":"Clases particulares - Academia Online","description":"+34 628 89 80 04","publisher":{"@id":"https:\/\/clases.academiaeureka.com.es\/clases\/#organization"},"potentialAction":[{"@type":"SearchAction","target":{"@type":"EntryPoint","urlTemplate":"https:\/\/clases.academiaeureka.com.es\/clases\/?s={search_term_string}"},"query-input":{"@type":"PropertyValueSpecification","valueRequired":true,"valueName":"search_term_string"}}],"inLanguage":"es"},{"@type":"Organization","@id":"https:\/\/clases.academiaeureka.com.es\/clases\/#organization","name":"Academia Eureka","url":"https:\/\/clases.academiaeureka.com.es\/clases\/","logo":{"@type":"ImageObject","inLanguage":"es","@id":"https:\/\/clases.academiaeureka.com.es\/clases\/#\/schema\/logo\/image\/","url":"https:\/\/clases.academiaeureka.com.es\/clases\/wp-content\/uploads\/2024\/08\/cropped-cropped-logo-1.png","contentUrl":"https:\/\/clases.academiaeureka.com.es\/clases\/wp-content\/uploads\/2024\/08\/cropped-cropped-logo-1.png","width":512,"height":512,"caption":"Academia Eureka"},"image":{"@id":"https:\/\/clases.academiaeureka.com.es\/clases\/#\/schema\/logo\/image\/"}}]}},"uagb_featured_image_src":{"full":false,"thumbnail":false,"medium":false,"medium_large":false,"large":false,"1536x1536":false,"2048x2048":false},"uagb_author_info":{"display_name":"Jorge","author_link":"https:\/\/clases.academiaeureka.com.es\/clases\/author\/jorge\/"},"uagb_comment_info":0,"uagb_excerpt":"Esta web utiliza cookies propias y de terceros para su correcto funcionamiento. Al hacer clic en el bot\u00f3n Aceptar, aceptas [&hellip;]","jetpack_sharing_enabled":true,"_links":{"self":[{"href":"https:\/\/clases.academiaeureka.com.es\/clases\/wp-json\/wp\/v2\/pages\/147","targetHints":{"allow":["GET"]}}],"collection":[{"href":"https:\/\/clases.academiaeureka.com.es\/clases\/wp-json\/wp\/v2\/pages"}],"about":[{"href":"https:\/\/clases.academiaeureka.com.es\/clases\/wp-json\/wp\/v2\/types\/page"}],"author":[{"embeddable":true,"href":"https:\/\/clases.academiaeureka.com.es\/clases\/wp-json\/wp\/v2\/users\/2"}],"replies":[{"embeddable":true,"href":"https:\/\/clases.academiaeureka.com.es\/clases\/wp-json\/wp\/v2\/comments?post=147"}],"version-history":[{"count":0,"href":"https:\/\/clases.academiaeureka.com.es\/clases\/wp-json\/wp\/v2\/pages\/147\/revisions"}],"wp:attachment":[{"href":"https:\/\/clases.academiaeureka.com.es\/clases\/wp-json\/wp\/v2\/media?parent=147"}],"curies":[{"name":"wp","href":"https:\/\/api.w.org\/{rel}","templated":true}]}}